7427
What are the prime factors of 86620557?
3, 28873519
List the prime factors of 853978002.
2, 3, 142329667
What are the prime factors of 18587321?
31, 599591
What are the prime factors of 1124689378?
2, 829, 678341
What are the prime factors of 177898623?
3, 7, 8471363
List the prime factors of 956163158.
2, 478081579
What are the prime factors of 415246834?
2, 193, 1075769
What are the prime factors of 764776720?
2, 5, 9559709
What are the prime factors of 1507453316?
2, 376863329
What are the prime factors of 22308818?
2, 7, 233, 977
List the prime factors of 577743290.
2, 5, 107, 539947
List the prime factors of 353427106.
2, 149, 1185997
List the prime factors of 203109539.
37, 1013, 5419
List the prime factors of 851828835.
3, 5, 11, 13, 139, 2857
List the prime factors of 1071582.
2, 3, 178597
What are the prime factors of 171390081?
3, 149, 457, 839
What are the prime factors of 16266194?
2, 7, 1161871
What are the prime factors of 142256641?
142256641
What are the prime factors of 16016146?
2, 1291, 6203
List the prime factors of 112818004.
2, 13, 29, 79, 947
List the prime factors of 2789917313.
2423, 1151431
List the prime factors of 1536693608.
2, 192086701
What are the prime factors of 37110007?
11, 31, 108827
What are the prime factors of 49530385?
5, 23, 430699
List the prime factors of 5895456.
2, 3, 7, 31, 283
What are the prime factors of 47158746?
2, 3, 7859791
List the prime factors of 508564027.
17, 29915531
What are the prime factors of 23617896?
2, 3, 17, 107, 541
List the prime factors of 31821251.
7, 11, 413263
List the prime factors of 1353286450.
2, 5, 29, 933301
List the prime factors of 185332438.
2, 8581, 10799
What are the prime factors of 1244635982?
2, 622317991
What are the prime factors of 514715604?
2, 3, 13, 3299459
What are the prime factors of 3287636973?
3, 179, 2040743
What are the prime factors of 1097793391?
109, 10071499
What are the prime factors of 44054417?
11, 617, 6491
What are the prime factors of 14413853?
31, 464963
List the prime factors of 584044439.
11, 19, 61, 751
List the prime factors of 573421806.
2, 3, 103, 309289
List the prime factors of 498048417.
3, 23, 313, 7687
What are the prime factors of 22755816?
2, 3, 35117
List the prime factors of 85181884.
2, 3671, 5801
List the prime factors of 420676121.
83, 641, 7907
What are the prime factors of 118577285?
5, 109, 217573
List the prime factors of 54922119.
3, 7, 347, 7537
What are the prime factors of 169539893?
313, 541661
What are the prime factors of 471944266?
2, 223, 1058171
What are the prime factors of 90992499?
3, 13, 67, 97, 359
What are the prime factors of 126580302?
2, 3, 29, 242491
What are the prime factors of 5300251?
11, 151, 3191
What are the prime factors of 161711743?
29, 59, 94513
List the prime factors of 3797161999.
43, 167, 528779
List the prime factors of 87602904.
2, 3, 17, 23857
List the prime factors of 399413772.
2, 3, 11094827
What are the prime factors of 71078534?
2, 35539267
What are the prime factors of 83659773?
3, 2437, 11443
What are the prime factors of 3601311541?
3601311541
What are the prime factors of 48903574?
2, 24451787
What are the prime factors of 277006755?
3, 5, 17, 1086301
List the prime factors of 215807879.
7, 29, 47, 22619
What are the prime factors of 495544428?
2, 3, 13765123
What are the prime factors of 11501450?
2, 5, 37, 6217
List the prime factors of 180800240.
2, 5, 23, 97, 1013
What are the prime factors of 535876114?
2, 19, 59, 239017
What are the prime factors of 137897687?
19, 7257773
What are the prime factors of 253964547?
3, 17, 47, 35317
List the prime factors of 95226908.
2, 7, 113, 30097
What are the prime factors of 875425800?
2, 3, 5, 953, 1531
List the prime factors of 95422756.
2, 11, 13, 166823
What are the prime factors of 103092912?
2, 3, 13, 29, 211
What are the prime factors of 36815904?
2, 3, 42611
List the prime factors of 2069443115.
5, 37, 263, 42533
What are the prime factors of 1513566868?
2, 11, 34399247
List the prime factors of 2900869139.
7, 43, 1376777
List the prime factors of 1190032678.
2, 595016339
What are the prime factors of 43227572?
2, 107, 100999
List the prime factors of 915137639.
13, 23, 31, 98731
List the prime factors of 59724273.
3, 7, 2844013
What are the prime factors of 358014863?
358014863
What are the prime factors of 66790893?
3, 13, 67, 25561
List the prime factors of 134012516.
2, 11, 3045739
What are the prime factors of 34164179?
7, 409, 11933
What are the prime factors of 22601355?
3, 5, 7, 19, 11329
What are the prime factors of 1365094247?
11, 67, 317, 5843
List the prime factors of 1141456.
2, 71341
List the prime factors of 5917100.
2, 5, 7, 79, 107
What are the prime factors of 4400924091?
3, 1466974697
List the prime factors of 26616713.
17, 239, 6551
What are the prime factors of 86088282?
2, 3, 7, 2049721
What are the prime factors of 1108174771?
11, 1493, 67477
List the prime factors of 9034031.
37, 6599
What are the prime factors of 3104559137?
6317, 491461
What are the prime factors of 617256202?
2, 97, 3181733
What are the prime factors of 179174270?
2, 5, 11, 1628857
List the prime factors of 1768245.
3, 5, 117883
What are the prime factors of 28414385?
5, 107, 173, 307
List the prime factors of 211228703.
7, 3331, 9059
List the prime factors of 97431056.
2, 73, 83417
List the prime factors of 1370399436.
2, 3, 7, 5438093
What are the prime factors of 1314083134?
2, 7, 13, 7220237
What are the prime factors of 177069172?
2, 7, 71, 89069
What are the prime factors of 24693808?
2, 41, 37643
What are the prime factors of 6912108778?
2, 17, 109, 173, 10781
List the prime factors of 12752627.
997, 12791
What are the prime factors of 156625595?
5, 7, 4475017
List the prime factors of 4447225.
5, 177889
What are the prime factors of 210845650?
2, 5, 67, 62939
What are the prime factors of 1694212576?
2, 7, 887, 8527
List the prime factors of 4837372952.
2, 3677, 164447
What are the prime factors of 219597454?
2, 29, 1531, 2473
What are the prime factors of 85125667?
11, 7738697
List the prime factors of 17506947.
3, 1871, 3119
What are the prime factors of 50924390?
2, 5, 11, 269, 1721
What are the prime factors of 159340699?
7, 3251851
What are the prime factors of 112026800?
2, 5, 229, 1223
What are the prime factors of 464984?
2, 13, 17, 263
List the prime factors of 28938697.
83, 151, 2309
What are the prime factors of 289735698?
2, 3, 7, 1399, 4931
What are the prime factors of 438197056?
2, 11, 337, 1847
List the prime factors of 2382393060.
2, 3, 5, 1470613
What are the prime factors of 604320393?
3, 201440131
List the prime factors of 4032569896.
2, 504071237
List the prime factors of 42104703.
3, 19, 691, 1069
What are the prime factors of 767393739?
3, 7, 73, 166861
List the prime factors of 22841899.
22841899
List the prime factors of 161557160.
2, 5, 107, 37747
What are the prime factors of 1422731751?
3, 7, 17, 3985243
What are the prime factors of 314784221?
1249, 252029
What are the prime factors of 2524057136?
2, 6959, 22669
What are the prime factors of 3431025641?
29, 118311229
List the prime factors of 94332810.
2, 3, 5, 11, 13, 1999
What are the prime factors of 702594?
2, 3, 4337
What are the prime factors of 1461557212?
2, 191, 587, 3259
List the prime factors of 12714770.
2, 5, 83, 15319
List the prime factors of 451609381.
239, 1889579
What are the prime factors of 58157922?
2, 3, 31, 312677
List the prime factors of 57414967.
17, 347, 9733
What are the prime factors of 57372367?
13, 59, 131, 571
What are the prime factors of 9032471036?
2, 23, 113, 868841
List the prime factors of 2623630015.
5, 524726003
List the prime factors of 131921199.
3, 19, 293, 2633
What are the prime factors of 379417339?
7, 17, 31, 2099
What are the prime factors of 6330606?
2, 3, 359, 2939
What are the prime factors of 103031213?
367, 383, 733
What are the prime factors of 262044655?
5, 3929, 13339
What are the prime factors of 183297963?
3, 37, 73, 22621
What are the prime factors of 13301283?
3, 283, 15667
What are the prime factors of 7723870660?
2, 5, 11, 35108503
What are the prime factors of 409291030?
2, 5, 40929103
What are the prime factors of 192509799?
3, 107, 599719
List the prime factors of